{"id":1024,"date":"2020-11-13T16:29:14","date_gmt":"2020-11-13T15:29:14","guid":{"rendered":"https:\/\/machinek.pl\/?page_id=1024"},"modified":"2025-07-30T11:31:35","modified_gmt":"2025-07-30T09:31:35","slug":"2019-camino-primitivo-2","status":"publish","type":"page","link":"https:\/\/machinek.pl\/?page_id=1024","title":{"rendered":"2019 Camino Primitivo"},"content":{"rendered":"\n<p><\/p>\n\n\n<p>Niezbyt d\u0142ugie Camino, ale nie mniej urokliwe: 343 km, 14 dni marszu. Szed\u0142em jedynie z jednym towarzyszem drogi &#8211; Grzegorzem: reszta potencjalnych pielgrzym\u00f3w si\u0119 wykruszy\u0142a&#8230; Po przylocie do Madrytu pojechali\u015bmy poci\u0105giem do Oviedo, sk\u0105d wystartowali\u015bmy, id\u0105c przez Fonsagrad\u0119 i Lugo. Niezwyk\u0142e miejsce tej trasy &#8211; dzie\u0144 w\u0119dr\u00f3wki na Ruta de los Hospitales &#8211; p\u0142askowy\u017c, z kt\u00f3rego wida\u0107 \u015bwiat. I te poranne mg\u0142y&#8230;. Znowu po przybyciu do Santiago jeden dzie\u0144 sp\u0119dzi\u0142em na Fisterra. Gdy siedzi si\u0119 ukryty gdzie\u015b w\u015br\u00f3d g\u0142az\u00f3w na przyl\u0105dku Cap Fisterra, do\u015bwiadcza si\u0119 niezwyk\u0142o\u015bci tego miejsca&#8230;<\/p>\n<p><a href=\"http:\/\/Gallery not found.\" data-wplink-url-error=\"true\"><style>#jtg-1013 .modula-item .jtg-social a, .lightbox-socials.jtg-social a{ color: #ffffff }#jtg-1013 .modula-item .jtg-social svg, .lightbox-socials.jtg-social svg { height: 16px; width: 16px }#jtg-1013 .modula-item .jtg-social a:not(:last-child), .lightbox-socials.jtg-social a:not(:last-child) { margin-right: 10px }#jtg-1013 .modula-item .figc {color:#ffffff;}#jtg-1013 .modula-item .modula-item-content { transform: scale(1) }#jtg-1013 { width:100%;}#jtg-1013 .modula-items{height:800px;}#jtg-1013 .modula-items .figc p.description { font-size:14px; }#jtg-1013 .modula-items .figc p.description { color:#ffffff;}#jtg-1013.modula-gallery .modula-item > a, #jtg-1013.modula-gallery .modula-item, #jtg-1013.modula-gallery .modula-item-content > a { cursor:zoom-in; } @media screen and (max-width:480px){#jtg-1013 .modula-item .figc .jtg-title {  font-size: 12px; }#jtg-1013 .modula-items .figc p.description { color:#ffffff;font-size:10px; }}<\/style>\n<!-- Gallery Container -->\n<div  id=\"jtg-1013\" class=\"modula modula-gallery modula-creative-gallery\" data-config=\"{&quot;height&quot;:800,&quot;enableTwitter&quot;:false,&quot;enableWhatsapp&quot;:false,&quot;enableFacebook&quot;:false,&quot;enablePinterest&quot;:false,&quot;enableLinkedin&quot;:false,&quot;enableEmail&quot;:false,&quot;randomFactor&quot;:0.5,&quot;type&quot;:&quot;creative-gallery&quot;,&quot;columns&quot;:12,&quot;gutter&quot;:10,&quot;mobileGutter&quot;:10,&quot;tabletGutter&quot;:10,&quot;desktopGutter&quot;:10,&quot;enableResponsive&quot;:&quot;0&quot;,&quot;tabletColumns&quot;:&quot;2&quot;,&quot;mobileColumns&quot;:&quot;1&quot;,&quot;lazyLoad&quot;:&quot;0&quot;,&quot;lightboxOpts&quot;:{&quot;loop&quot;:false,&quot;arrows&quot;:true,&quot;toolbar&quot;:true,&quot;keyboard&quot;:false,&quot;wheel&quot;:false,&quot;buttons&quot;:[&quot;close&quot;],&quot;hash&quot;:false,&quot;lang&quot;:&quot;en&quot;,&quot;touch&quot;:false,&quot;protect&quot;:false,&quot;i18n&quot;:{&quot;en&quot;:{&quot;CLOSE&quot;:&quot;Close&quot;,&quot;NEXT&quot;:&quot;Next&quot;,&quot;PREV&quot;:&quot;Previous&quot;,&quot;Error&quot;:&quot;The requested content cannot be loaded. Please try again later.&quot;,&quot;PLAY_START&quot;:&quot;Start slideshow&quot;,&quot;PLAY_STOP&quot;:&quot;Pause slideshow&quot;,&quot;FULL_SCREEN&quot;:&quot;Full screen&quot;,&quot;THUMBS&quot;:&quot;Thumbnails&quot;,&quot;DOWNLOAD&quot;:&quot;Download&quot;,&quot;SHARE&quot;:&quot;Share&quot;,&quot;ZOOM&quot;:&quot;Zoom&quot;}},&quot;clickSlide&quot;:false,&quot;clickOutside&quot;:false,&quot;dblclickContent&quot;:false,&quot;dblclickSlide&quot;:false,&quot;dblclickOutside&quot;:false,&quot;clickContent&quot;:false,&quot;baseTpl&quot;:&quot;&lt;div class=\\&quot;modula-fancybox-container modula-lightbox-jtg-1013\\&quot; role=\\&quot;dialog\\&quot; tabindex=\\&quot;-1\\&quot;&gt;&lt;div class=\\&quot;modula-fancybox-bg\\&quot;&gt;&lt;\\\/div&gt;&lt;div class=\\&quot;modula-fancybox-inner\\&quot;&gt;&lt;div class=\\&quot;modula-fancybox-infobar\\&quot;&gt;&lt;span data-fancybox-index&gt;&lt;\\\/span&gt;&nbsp;\\\/&nbsp;&lt;span data-fancybox-count&gt;&lt;\\\/span&gt;&lt;\\\/div&gt;&lt;div class=\\&quot;modula-fancybox-toolbar\\&quot;&gt;{{buttons}}&lt;\\\/div&gt;&lt;div class=\\&quot;modula-fancybox-navigation\\&quot;&gt;{{arrows}}&lt;\\\/div&gt;&lt;div class=\\&quot;modula-fancybox-stage\\&quot;&gt;&lt;\\\/div&gt;&lt;div class=\\&quot;modula-fancybox-caption\\&quot;&gt;&lt;div class=\\&quot;modula-fancybox-caption__body\\&quot;&gt;&lt;\\\/div&gt;&lt;\\\/div&gt;&lt;\\\/div&gt;&lt;\\\/div&gt;&quot;},&quot;inView&quot;:false,&quot;email_subject&quot;:&quot;Check out this awesome image !!&quot;,&quot;email_message&quot;:&quot;Here is the link to the image : %%image_link%% and this is the link to the gallery : %%gallery_link%%&quot;,&quot;lightbox&quot;:&quot;fancybox&quot;}\">\n\n\t\n\t<!-- Items Container -->\n\t<div  class=\"modula-items\">\n\t\t<div class=\"modula-item effect-pufrobo\" >\n\t<div class=\"modula-item-overlay\"><\/div>\n\n\t<div class=\"modula-item-content\">\n\n\t\t\t\t\n\t\t\t\t\t<a data-image-id=\"1014\" href=\"https:\/\/machinek.pl\/wp-content\/uploads\/2020\/11\/20190717_100908-scaled.jpg\" rel=\"jtg-1013\" data-caption=\"\" class=\"tile-inner modula-item-link\"><\/a>\n\t\t\n\t\t<img loading=\"lazy\" decoding=\"async\" class=\"pic\"  data-valign=\"middle\" data-halign=\"center\" alt=\"\" data-full=\"https:\/\/machinek.pl\/wp-content\/uploads\/2020\/11\/20190717_100908.jpg\" title=\"20190717_100908\" width=\"300\" height=\"225\" src=\"https:\/\/machinek.pl\/wp-content\/uploads\/2020\/11\/20190717_100908-300x225.jpg\" data-src=\"https:\/\/machinek.pl\/wp-content\/uploads\/2020\/11\/20190717_100908-300x225.jpg\" data-caption=\"\"srcset=\"https:\/\/machinek.pl\/wp-content\/uploads\/2020\/11\/20190717_100908-scaled-300x225.jpg 300w, https:\/\/machinek.pl\/wp-content\/uploads\/2020\/11\/20190717_100908-1024x768.jpg 1024w, https:\/\/machinek.pl\/wp-content\/uploads\/2020\/11\/20190717_100908-768x576.jpg 768w, https:\/\/machinek.pl\/wp-content\/uploads\/2020\/11\/20190717_100908-1536x1152.jpg 1536w, https:\/\/machinek.pl\/wp-content\/uploads\/2020\/11\/20190717_100908-2048x1536.jpg 2048w\" sizes=\"auto, (max-width: 300px) 100vw, 300px\"\" \/>\n\t\t<div class=\"figc no-description\">\n\t\t\t<div class=\"figc-inner\">\n\t\t\t\t\t\t\t\t\t\t\t\t\t\t\t<\/div>\n\t\t<\/div>\n\n\t<\/div>\n\n<\/div><div class=\"modula-item effect-pufrobo\" >\n\t<div class=\"modula-item-overlay\"><\/div>\n\n\t<div class=\"modula-item-content\">\n\n\t\t\t\t\n\t\t\t\t\t<a data-image-id=\"1015\" href=\"https:\/\/machinek.pl\/wp-content\/uploads\/2020\/11\/20190718_073957-scaled.jpg\" rel=\"jtg-1013\" data-caption=\"\" class=\"tile-inner modula-item-link\"><\/a>\n\t\t\n\t\t<img loading=\"lazy\" decoding=\"async\" class=\"pic\"  data-valign=\"middle\" data-halign=\"center\" alt=\"\" data-full=\"https:\/\/machinek.pl\/wp-content\/uploads\/2020\/11\/20190718_073957.jpg\" title=\"20190718_073957\" width=\"300\" height=\"225\" src=\"https:\/\/machinek.pl\/wp-content\/uploads\/2020\/11\/20190718_073957-300x225.jpg\" data-src=\"https:\/\/machinek.pl\/wp-content\/uploads\/2020\/11\/20190718_073957-300x225.jpg\" data-caption=\"\"srcset=\"https:\/\/machinek.pl\/wp-content\/uploads\/2020\/11\/20190718_073957-scaled-300x225.jpg 300w, https:\/\/machinek.pl\/wp-content\/uploads\/2020\/11\/20190718_073957-1024x768.jpg 1024w, https:\/\/machinek.pl\/wp-content\/uploads\/2020\/11\/20190718_073957-768x576.jpg 768w, https:\/\/machinek.pl\/wp-content\/uploads\/2020\/11\/20190718_073957-1536x1152.jpg 1536w, https:\/\/machinek.pl\/wp-content\/uploads\/2020\/11\/20190718_073957-2048x1536.jpg 2048w\" sizes=\"auto, (max-width: 300px) 100vw, 300px\"\" \/>\n\t\t<div class=\"figc no-description\">\n\t\t\t<div class=\"figc-inner\">\n\t\t\t\t\t\t\t\t\t\t\t\t\t\t\t<\/div>\n\t\t<\/div>\n\n\t<\/div>\n\n<\/div><div class=\"modula-item effect-pufrobo\" >\n\t<div class=\"modula-item-overlay\"><\/div>\n\n\t<div class=\"modula-item-content\">\n\n\t\t\t\t\n\t\t\t\t\t<a data-image-id=\"1016\" href=\"https:\/\/machinek.pl\/wp-content\/uploads\/2020\/11\/20190718_090349-scaled.jpg\" rel=\"jtg-1013\" data-caption=\"\" class=\"tile-inner modula-item-link\"><\/a>\n\t\t\n\t\t<img loading=\"lazy\" decoding=\"async\" class=\"pic\"  data-valign=\"middle\" data-halign=\"center\" alt=\"\" data-full=\"https:\/\/machinek.pl\/wp-content\/uploads\/2020\/11\/20190718_090349.jpg\" title=\"20190718_090349\" width=\"300\" height=\"225\" src=\"https:\/\/machinek.pl\/wp-content\/uploads\/2020\/11\/20190718_090349-300x225.jpg\" data-src=\"https:\/\/machinek.pl\/wp-content\/uploads\/2020\/11\/20190718_090349-300x225.jpg\" data-caption=\"\"srcset=\"https:\/\/machinek.pl\/wp-content\/uploads\/2020\/11\/20190718_090349-scaled-300x225.jpg 300w, https:\/\/machinek.pl\/wp-content\/uploads\/2020\/11\/20190718_090349-1024x768.jpg 1024w, https:\/\/machinek.pl\/wp-content\/uploads\/2020\/11\/20190718_090349-768x576.jpg 768w, https:\/\/machinek.pl\/wp-content\/uploads\/2020\/11\/20190718_090349-1536x1152.jpg 1536w, https:\/\/machinek.pl\/wp-content\/uploads\/2020\/11\/20190718_090349-2048x1536.jpg 2048w\" sizes=\"auto, (max-width: 300px) 100vw, 300px\"\" \/>\n\t\t<div class=\"figc no-description\">\n\t\t\t<div class=\"figc-inner\">\n\t\t\t\t\t\t\t\t\t\t\t\t\t\t\t<\/div>\n\t\t<\/div>\n\n\t<\/div>\n\n<\/div><div class=\"modula-item effect-pufrobo\" >\n\t<div class=\"modula-item-overlay\"><\/div>\n\n\t<div class=\"modula-item-content\">\n\n\t\t\t\t\n\t\t\t\t\t<a data-image-id=\"1017\" href=\"https:\/\/machinek.pl\/wp-content\/uploads\/2020\/11\/20190718_092847-scaled.jpg\" rel=\"jtg-1013\" data-caption=\"\" class=\"tile-inner modula-item-link\"><\/a>\n\t\t\n\t\t<img loading=\"lazy\" decoding=\"async\" class=\"pic\"  data-valign=\"middle\" data-halign=\"center\" alt=\"\" data-full=\"https:\/\/machinek.pl\/wp-content\/uploads\/2020\/11\/20190718_092847.jpg\" title=\"20190718_092847\" width=\"300\" height=\"225\" src=\"https:\/\/machinek.pl\/wp-content\/uploads\/2020\/11\/20190718_092847-300x225.jpg\" data-src=\"https:\/\/machinek.pl\/wp-content\/uploads\/2020\/11\/20190718_092847-300x225.jpg\" data-caption=\"\"srcset=\"https:\/\/machinek.pl\/wp-content\/uploads\/2020\/11\/20190718_092847-scaled-300x225.jpg 300w, https:\/\/machinek.pl\/wp-content\/uploads\/2020\/11\/20190718_092847-1024x768.jpg 1024w, https:\/\/machinek.pl\/wp-content\/uploads\/2020\/11\/20190718_092847-768x576.jpg 768w, https:\/\/machinek.pl\/wp-content\/uploads\/2020\/11\/20190718_092847-1536x1152.jpg 1536w, https:\/\/machinek.pl\/wp-content\/uploads\/2020\/11\/20190718_092847-2048x1536.jpg 2048w\" sizes=\"auto, (max-width: 300px) 100vw, 300px\"\" \/>\n\t\t<div class=\"figc no-description\">\n\t\t\t<div class=\"figc-inner\">\n\t\t\t\t\t\t\t\t\t\t\t\t\t\t\t<\/div>\n\t\t<\/div>\n\n\t<\/div>\n\n<\/div><div class=\"modula-item effect-pufrobo\" >\n\t<div class=\"modula-item-overlay\"><\/div>\n\n\t<div class=\"modula-item-content\">\n\n\t\t\t\t\n\t\t\t\t\t<a data-image-id=\"1018\" href=\"https:\/\/machinek.pl\/wp-content\/uploads\/2020\/11\/20190719_072305-scaled.jpg\" rel=\"jtg-1013\" data-caption=\"\" class=\"tile-inner modula-item-link\"><\/a>\n\t\t\n\t\t<img loading=\"lazy\" decoding=\"async\" class=\"pic\"  data-valign=\"middle\" data-halign=\"center\" alt=\"\" data-full=\"https:\/\/machinek.pl\/wp-content\/uploads\/2020\/11\/20190719_072305.jpg\" title=\"20190719_072305\" width=\"300\" height=\"225\" src=\"https:\/\/machinek.pl\/wp-content\/uploads\/2020\/11\/20190719_072305-300x225.jpg\" data-src=\"https:\/\/machinek.pl\/wp-content\/uploads\/2020\/11\/20190719_072305-300x225.jpg\" data-caption=\"\"srcset=\"https:\/\/machinek.pl\/wp-content\/uploads\/2020\/11\/20190719_072305-scaled-300x225.jpg 300w, https:\/\/machinek.pl\/wp-content\/uploads\/2020\/11\/20190719_072305-1024x768.jpg 1024w, https:\/\/machinek.pl\/wp-content\/uploads\/2020\/11\/20190719_072305-768x576.jpg 768w, https:\/\/machinek.pl\/wp-content\/uploads\/2020\/11\/20190719_072305-1536x1152.jpg 1536w, https:\/\/machinek.pl\/wp-content\/uploads\/2020\/11\/20190719_072305-2048x1536.jpg 2048w\" sizes=\"auto, (max-width: 300px) 100vw, 300px\"\" \/>\n\t\t<div class=\"figc no-description\">\n\t\t\t<div class=\"figc-inner\">\n\t\t\t\t\t\t\t\t\t\t\t\t\t\t\t<\/div>\n\t\t<\/div>\n\n\t<\/div>\n\n<\/div><div class=\"modula-item effect-pufrobo\" >\n\t<div class=\"modula-item-overlay\"><\/div>\n\n\t<div class=\"modula-item-content\">\n\n\t\t\t\t\n\t\t\t\t\t<a data-image-id=\"1019\" href=\"https:\/\/machinek.pl\/wp-content\/uploads\/2020\/11\/20190719_073340-scaled.jpg\" rel=\"jtg-1013\" data-caption=\"\" class=\"tile-inner modula-item-link\"><\/a>\n\t\t\n\t\t<img loading=\"lazy\" decoding=\"async\" class=\"pic\"  data-valign=\"middle\" data-halign=\"center\" alt=\"\" data-full=\"https:\/\/machinek.pl\/wp-content\/uploads\/2020\/11\/20190719_073340.jpg\" title=\"20190719_073340\" width=\"300\" height=\"225\" src=\"https:\/\/machinek.pl\/wp-content\/uploads\/2020\/11\/20190719_073340-300x225.jpg\" data-src=\"https:\/\/machinek.pl\/wp-content\/uploads\/2020\/11\/20190719_073340-300x225.jpg\" data-caption=\"\"srcset=\"https:\/\/machinek.pl\/wp-content\/uploads\/2020\/11\/20190719_073340-scaled-300x225.jpg 300w, https:\/\/machinek.pl\/wp-content\/uploads\/2020\/11\/20190719_073340-1024x768.jpg 1024w, https:\/\/machinek.pl\/wp-content\/uploads\/2020\/11\/20190719_073340-768x576.jpg 768w, https:\/\/machinek.pl\/wp-content\/uploads\/2020\/11\/20190719_073340-1536x1152.jpg 1536w, https:\/\/machinek.pl\/wp-content\/uploads\/2020\/11\/20190719_073340-2048x1536.jpg 2048w\" sizes=\"auto, (max-width: 300px) 100vw, 300px\"\" \/>\n\t\t<div class=\"figc no-description\">\n\t\t\t<div class=\"figc-inner\">\n\t\t\t\t\t\t\t\t\t\t\t\t\t\t\t<\/div>\n\t\t<\/div>\n\n\t<\/div>\n\n<\/div><div class=\"modula-item effect-pufrobo\" >\n\t<div class=\"modula-item-overlay\"><\/div>\n\n\t<div class=\"modula-item-content\">\n\n\t\t\t\t\n\t\t\t\t\t<a data-image-id=\"1020\" href=\"https:\/\/machinek.pl\/wp-content\/uploads\/2020\/11\/20190721_104943-scaled.jpg\" rel=\"jtg-1013\" data-caption=\"\" class=\"tile-inner modula-item-link\"><\/a>\n\t\t\n\t\t<img loading=\"lazy\" decoding=\"async\" class=\"pic\"  data-valign=\"middle\" data-halign=\"center\" alt=\"\" data-full=\"https:\/\/machinek.pl\/wp-content\/uploads\/2020\/11\/20190721_104943.jpg\" title=\"20190721_104943\" width=\"300\" height=\"225\" src=\"https:\/\/machinek.pl\/wp-content\/uploads\/2020\/11\/20190721_104943-300x225.jpg\" data-src=\"https:\/\/machinek.pl\/wp-content\/uploads\/2020\/11\/20190721_104943-300x225.jpg\" data-caption=\"\"srcset=\"https:\/\/machinek.pl\/wp-content\/uploads\/2020\/11\/20190721_104943-scaled-300x225.jpg 300w, https:\/\/machinek.pl\/wp-content\/uploads\/2020\/11\/20190721_104943-1024x768.jpg 1024w, https:\/\/machinek.pl\/wp-content\/uploads\/2020\/11\/20190721_104943-768x576.jpg 768w, https:\/\/machinek.pl\/wp-content\/uploads\/2020\/11\/20190721_104943-1536x1152.jpg 1536w, https:\/\/machinek.pl\/wp-content\/uploads\/2020\/11\/20190721_104943-2048x1536.jpg 2048w\" sizes=\"auto, (max-width: 300px) 100vw, 300px\"\" \/>\n\t\t<div class=\"figc no-description\">\n\t\t\t<div class=\"figc-inner\">\n\t\t\t\t\t\t\t\t\t\t\t\t\t\t\t<\/div>\n\t\t<\/div>\n\n\t<\/div>\n\n<\/div><div class=\"modula-item effect-pufrobo\" >\n\t<div class=\"modula-item-overlay\"><\/div>\n\n\t<div class=\"modula-item-content\">\n\n\t\t\t\t\n\t\t\t\t\t<a data-image-id=\"1021\" href=\"https:\/\/machinek.pl\/wp-content\/uploads\/2020\/11\/20190725_080516-scaled.jpg\" rel=\"jtg-1013\" data-caption=\"\" class=\"tile-inner modula-item-link\"><\/a>\n\t\t\n\t\t<img loading=\"lazy\" decoding=\"async\" class=\"pic\"  data-valign=\"middle\" data-halign=\"center\" alt=\"\" data-full=\"https:\/\/machinek.pl\/wp-content\/uploads\/2020\/11\/20190725_080516.jpg\" title=\"20190725_080516\" width=\"300\" height=\"225\" src=\"https:\/\/machinek.pl\/wp-content\/uploads\/2020\/11\/20190725_080516-300x225.jpg\" data-src=\"https:\/\/machinek.pl\/wp-content\/uploads\/2020\/11\/20190725_080516-300x225.jpg\" data-caption=\"\"srcset=\"https:\/\/machinek.pl\/wp-content\/uploads\/2020\/11\/20190725_080516-scaled-300x225.jpg 300w, https:\/\/machinek.pl\/wp-content\/uploads\/2020\/11\/20190725_080516-1024x768.jpg 1024w, https:\/\/machinek.pl\/wp-content\/uploads\/2020\/11\/20190725_080516-768x576.jpg 768w, https:\/\/machinek.pl\/wp-content\/uploads\/2020\/11\/20190725_080516-1536x1152.jpg 1536w, https:\/\/machinek.pl\/wp-content\/uploads\/2020\/11\/20190725_080516-2048x1536.jpg 2048w\" sizes=\"auto, (max-width: 300px) 100vw, 300px\"\" \/>\n\t\t<div class=\"figc no-description\">\n\t\t\t<div class=\"figc-inner\">\n\t\t\t\t\t\t\t\t\t\t\t\t\t\t\t<\/div>\n\t\t<\/div>\n\n\t<\/div>\n\n<\/div><div class=\"modula-item effect-pufrobo\" >\n\t<div class=\"modula-item-overlay\"><\/div>\n\n\t<div class=\"modula-item-content\">\n\n\t\t\t\t\n\t\t\t\t\t<a data-image-id=\"1022\" href=\"https:\/\/machinek.pl\/wp-content\/uploads\/2020\/11\/20190727_094036-scaled.jpg\" rel=\"jtg-1013\" data-caption=\"\" class=\"tile-inner modula-item-link\"><\/a>\n\t\t\n\t\t<img loading=\"lazy\" decoding=\"async\" class=\"pic\"  data-valign=\"middle\" data-halign=\"center\" alt=\"\" data-full=\"https:\/\/machinek.pl\/wp-content\/uploads\/2020\/11\/20190727_094036.jpg\" title=\"20190727_094036\" width=\"225\" height=\"300\" src=\"https:\/\/machinek.pl\/wp-content\/uploads\/2020\/11\/20190727_094036-225x300.jpg\" data-src=\"https:\/\/machinek.pl\/wp-content\/uploads\/2020\/11\/20190727_094036-225x300.jpg\" data-caption=\"\"srcset=\"https:\/\/machinek.pl\/wp-content\/uploads\/2020\/11\/20190727_094036-scaled-225x300.jpg 225w, https:\/\/machinek.pl\/wp-content\/uploads\/2020\/11\/20190727_094036-768x1024.jpg 768w, https:\/\/machinek.pl\/wp-content\/uploads\/2020\/11\/20190727_094036-1152x1536.jpg 1152w, https:\/\/machinek.pl\/wp-content\/uploads\/2020\/11\/20190727_094036-1536x2048.jpg 1536w, https:\/\/machinek.pl\/wp-content\/uploads\/2020\/11\/20190727_094036-scaled.jpg 1920w\" sizes=\"auto, (max-width: 225px) 100vw, 225px\"\" \/>\n\t\t<div class=\"figc no-description\">\n\t\t\t<div class=\"figc-inner\">\n\t\t\t\t\t\t\t\t\t\t\t\t\t\t\t<\/div>\n\t\t<\/div>\n\n\t<\/div>\n\n<\/div><div class=\"modula-item effect-pufrobo\" >\n\t<div class=\"modula-item-overlay\"><\/div>\n\n\t<div class=\"modula-item-content\">\n\n\t\t\t\t\n\t\t\t\t\t<a data-image-id=\"1023\" href=\"https:\/\/machinek.pl\/wp-content\/uploads\/2020\/11\/20190728_132111-scaled.jpg\" rel=\"jtg-1013\" data-caption=\"\" class=\"tile-inner modula-item-link\"><\/a>\n\t\t\n\t\t<img loading=\"lazy\" decoding=\"async\" class=\"pic\"  data-valign=\"middle\" data-halign=\"center\" alt=\"\" data-full=\"https:\/\/machinek.pl\/wp-content\/uploads\/2020\/11\/20190728_132111.jpg\" title=\"20190728_132111\" width=\"300\" height=\"225\" src=\"https:\/\/machinek.pl\/wp-content\/uploads\/2020\/11\/20190728_132111-300x225.jpg\" data-src=\"https:\/\/machinek.pl\/wp-content\/uploads\/2020\/11\/20190728_132111-300x225.jpg\" data-caption=\"\"srcset=\"https:\/\/machinek.pl\/wp-content\/uploads\/2020\/11\/20190728_132111-scaled-300x225.jpg 300w, https:\/\/machinek.pl\/wp-content\/uploads\/2020\/11\/20190728_132111-1024x768.jpg 1024w, https:\/\/machinek.pl\/wp-content\/uploads\/2020\/11\/20190728_132111-768x576.jpg 768w, https:\/\/machinek.pl\/wp-content\/uploads\/2020\/11\/20190728_132111-1536x1152.jpg 1536w, https:\/\/machinek.pl\/wp-content\/uploads\/2020\/11\/20190728_132111-2048x1536.jpg 2048w\" sizes=\"auto, (max-width: 300px) 100vw, 300px\"\" \/>\n\t\t<div class=\"figc no-description\">\n\t\t\t<div class=\"figc-inner\">\n\t\t\t\t\t\t\t\t\t\t\t\t\t\t\t<\/div>\n\t\t<\/div>\n\n\t<\/div>\n\n<\/div>\t\t\n\t<\/div>\n\n\t\n\t\n\t<script type=\"application\/ld+json\">\n\t{\n\t\t\"@context\": \"http:\/\/schema.org\",\n\t\t\"@type\"   : \"ImageGallery\",\n\t\t\"id\"      : \"https:\/\/machinek.pl\",\n\t\t\"url\"     : \"https:\/\/machinek.pl\"\n\t}\n\n    <\/script>\n\n\t\n<\/div><\/a><\/p>\n\n\n<p><\/p>\n","protected":false},"excerpt":{"rendered":"<p>Niezbyt d\u0142ugie Camino, ale nie mniej urokliwe: 343 km, 14 dni marszu. Szed\u0142em jedynie z jednym towarzyszem drogi &#8211; Grzegorzem: reszta potencjalnych pielgrzym\u00f3w si\u0119 wykruszy\u0142a&#8230; Po przylocie do Madrytu pojechali\u015bmy poci\u0105giem do Oviedo, sk\u0105d wystartowali\u015bmy, id\u0105c przez Fonsagrad\u0119 i Lugo. Niezwyk\u0142e miejsce tej trasy &#8211; dzie\u0144 w\u0119dr\u00f3wki na Ruta de los Hospitales &#8211; p\u0142askowy\u017c, z &hellip; <\/p>\n<p class=\"link-more\"><a href=\"https:\/\/machinek.pl\/?page_id=1024\" class=\"more-link\">Czytaj dalej<span class=\"screen-reader-text\"> \u201e2019 Camino Primitivo\u201d<\/span><\/a><\/p>\n","protected":false},"author":2,"featured_media":1019,"parent":0,"menu_order":0,"comment_status":"closed","ping_status":"closed","template":"","meta":{"footnotes":""},"class_list":["post-1024","page","type-page","status-publish","has-post-thumbnail","hentry"],"_links":{"self":[{"href":"https:\/\/machinek.pl\/index.php?rest_route=\/wp\/v2\/pages\/1024","targetHints":{"allow":["GET"]}}],"collection":[{"href":"https:\/\/machinek.pl\/index.php?rest_route=\/wp\/v2\/pages"}],"about":[{"href":"https:\/\/machinek.pl\/index.php?rest_route=\/wp\/v2\/types\/page"}],"author":[{"embeddable":true,"href":"https:\/\/machinek.pl\/index.php?rest_route=\/wp\/v2\/users\/2"}],"replies":[{"embeddable":true,"href":"https:\/\/machinek.pl\/index.php?rest_route=%2Fwp%2Fv2%2Fcomments&post=1024"}],"version-history":[{"count":7,"href":"https:\/\/machinek.pl\/index.php?rest_route=\/wp\/v2\/pages\/1024\/revisions"}],"predecessor-version":[{"id":1891,"href":"https:\/\/machinek.pl\/index.php?rest_route=\/wp\/v2\/pages\/1024\/revisions\/1891"}],"wp:featuredmedia":[{"embeddable":true,"href":"https:\/\/machinek.pl\/index.php?rest_route=\/wp\/v2\/media\/1019"}],"wp:attachment":[{"href":"https:\/\/machinek.pl\/index.php?rest_route=%2Fwp%2Fv2%2Fmedia&parent=1024"}],"curies":[{"name":"wp","href":"https:\/\/api.w.org\/{rel}","templated":true}]}}