{"id":1986,"date":"2025-10-22T07:25:14","date_gmt":"2025-10-22T05:25:14","guid":{"rendered":"https:\/\/machinek.pl\/?page_id=1986"},"modified":"2026-04-01T21:10:26","modified_gmt":"2026-04-01T19:10:26","slug":"filmy-popularnonaukowe","status":"publish","type":"page","link":"https:\/\/machinek.pl\/?page_id=1986","title":{"rendered":"Bioetyka. Perspektywa katolicka"},"content":{"rendered":"<p>\u00a0 <a href=\"https:\/\/www.youtube.com\/watch?v=dE9E9DGs6z0&amp;themeRefresh=1\">Zapowied\u017a serii<\/a><\/p>\n<ol>\n<li><a href=\"https:\/\/www.youtube.com\/watch?v=VCpd5qyZVf8\">Perspektywa katolicka bioetyki?<\/a><\/li>\n<li><a href=\"https:\/\/www.youtube.com\/watch?v=SGRmrDWkWoI\">Bios znaczy \u017cycie<\/a><\/li>\n<li><a href=\"https:\/\/www.youtube.com\/watch?v=FsEdIWFuXIo&amp;list=PLH5epqVAmv4PLro0rEqr_uUlL-TwzKkQt&amp;index=4\">Cud \u017cycia \u2013 g\u0142os Ko\u015bcio\u0142a<\/a><\/li>\n<li><a href=\"https:\/\/www.youtube.com\/watch?v=HSJCBOKoBbU&amp;list=PLH5epqVAmv4PLro0rEqr_uUlL-TwzKkQt&amp;index=5\">Cz\u0142owiek wobec \u017cycia w og\u00f3lno\u015bci<\/a><\/li>\n<li><a href=\"https:\/\/www.youtube.com\/watch?v=hWF94Fw1J1U\">Troska o wsp\u00f3lny dom \u2013 g\u0142os Ko\u015bcio\u0142a<\/a><\/li>\n<li><a href=\"https:\/\/www.youtube.com\/watch?v=AASCkitU6y0\">Status moralny zwierz\u0105t<\/a><\/li>\n<li><a href=\"https:\/\/www.youtube.com\/watch?v=3GwNotZf42w&amp;list=PLH5epqVAmv4PLro0rEqr_uUlL-TwzKkQt&amp;index=8\">Status zwierz\u0105t \u2013 g\u0142os Ko\u015bcio\u0142a<\/a><\/li>\n<li><a href=\"https:\/\/www.youtube.com\/watch?v=bI8YjDci0Q0\">Sp\u00f3r o koncepcj\u0119 cz\u0142owieka<\/a><\/li>\n<li><a href=\"https:\/\/www.youtube.com\/watch?v=1FGQ0-pIr5U\">O godno\u015bci osoby<\/a><\/li>\n<li><a href=\"https:\/\/www.youtube.com\/watch?v=ZXpvj6F7FKc\">Status ludzkiej osoby \u2013 g\u0142os Ko\u015bcio\u0142a<\/a><\/li>\n<li><a href=\"https:\/\/www.youtube.com\/watch?v=7FgYD_y3ZVo\">Kiedy rozpoczyna si\u0119 ludzkie \u017cycie?<\/a><\/li>\n<li><a href=\"https:\/\/www.youtube.com\/watch?v=0XBeD53N25k&amp;t=98s\">Sp\u00f3r o status moralny embrionu ludzkiego<\/a><\/li>\n<li><a href=\"https:\/\/www.youtube.com\/watch?v=QxFJy4hWn68\">Sp\u00f3r o zap\u0142odnienie in vitro<\/a><\/li>\n<li><a href=\"https:\/\/www.youtube.com\/watch?v=c-2fRQlVZ24\">Zap\u0142odnienie in vitro \u2013 g\u0142os Ko\u015bcio\u0142a<\/a><\/li>\n<li><a href=\"https:\/\/www.youtube.com\/watch?v=n1LMWAyuB3U\">Problem aborcji<\/a><\/li>\n<li><a href=\"https:\/\/www.youtube.com\/watch?v=xx1pctSOEGY\">Problem definicji choroby i zdrowia<\/a><\/li>\n<li><a href=\"https:\/\/www.youtube.com\/watch?v=rgAPklBuZlw\">O umieraniu cz\u0142owieka<\/a><\/li>\n<li><a href=\"https:\/\/www.youtube.com\/watch?v=IDmorsi3l5o\">Problem medycznie wspomaganego samob\u00f3jstwa<\/a><\/li>\n<li><a href=\"https:\/\/www.youtube.com\/watch?v=xsyeeutpNXs\">Etyczna ocena eutanazji<\/a><\/li>\n<li><a href=\"https:\/\/www.youtube.com\/watch?v=5z0Rmdz4qKE\">Zagadnienie samob\u00f3jstwa i eutanazji \u2013 g\u0142os Ko\u015bcio\u0142a<\/a><\/li>\n<li><a href=\"https:\/\/www.youtube.com\/watch?v=16k0ugBrvuM\">Zagadnienie transplantacji organ\u00f3w<\/a><\/li>\n<li><a href=\"https:\/\/www.youtube.com\/watch?v=GlDcpXUQbDk\">Transplantacja organ\u00f3w \u2013 g\u0142os Ko\u015bcio\u0142a<\/a><\/li>\n<li><a href=\"https:\/\/www.youtube.com\/watch?v=-a_U7TA7buM\">Etyczne aspekty uporczywo\u015bci terapeutycznej<\/a><\/li>\n<li><a href=\"https:\/\/www.youtube.com\/watch?v=zp-sf1HOQcw\">O opiece paliatywnej i hospicyjnej<\/a><\/li>\n<li><a href=\"https:\/\/www.youtube.com\/watch?v=l3yylFZlsXo\">Towarzyszenie umieraj\u0105cym &#8211; g\u0142os Ko\u015bcio\u0142a<\/a><\/li>\n<\/ol>\n\n\n<p><\/p>\n","protected":false},"excerpt":{"rendered":"<p>\u00a0 Zapowied\u017a serii Perspektywa katolicka bioetyki? Bios znaczy \u017cycie Cud \u017cycia \u2013 g\u0142os Ko\u015bcio\u0142a Cz\u0142owiek wobec \u017cycia w og\u00f3lno\u015bci Troska o wsp\u00f3lny dom \u2013 g\u0142os Ko\u015bcio\u0142a Status moralny zwierz\u0105t Status zwierz\u0105t \u2013 g\u0142os Ko\u015bcio\u0142a Sp\u00f3r o koncepcj\u0119 cz\u0142owieka O godno\u015bci osoby Status ludzkiej osoby \u2013 g\u0142os Ko\u015bcio\u0142a Kiedy rozpoczyna si\u0119 ludzkie \u017cycie? Sp\u00f3r o status &hellip; <\/p>\n<p class=\"link-more\"><a href=\"https:\/\/machinek.pl\/?page_id=1986\" class=\"more-link\">Czytaj dalej<span class=\"screen-reader-text\"> \u201eBioetyka. Perspektywa katolicka\u201d<\/span><\/a><\/p>\n","protected":false},"author":2,"featured_media":0,"parent":0,"menu_order":0,"comment_status":"closed","ping_status":"closed","template":"","meta":{"footnotes":""},"class_list":["post-1986","page","type-page","status-publish","hentry"],"_links":{"self":[{"href":"https:\/\/machinek.pl\/index.php?rest_route=\/wp\/v2\/pages\/1986","targetHints":{"allow":["GET"]}}],"collection":[{"href":"https:\/\/machinek.pl\/index.php?rest_route=\/wp\/v2\/pages"}],"about":[{"href":"https:\/\/machinek.pl\/index.php?rest_route=\/wp\/v2\/types\/page"}],"author":[{"embeddable":true,"href":"https:\/\/machinek.pl\/index.php?rest_route=\/wp\/v2\/users\/2"}],"replies":[{"embeddable":true,"href":"https:\/\/machinek.pl\/index.php?rest_route=%2Fwp%2Fv2%2Fcomments&post=1986"}],"version-history":[{"count":36,"href":"https:\/\/machinek.pl\/index.php?rest_route=\/wp\/v2\/pages\/1986\/revisions"}],"predecessor-version":[{"id":2086,"href":"https:\/\/machinek.pl\/index.php?rest_route=\/wp\/v2\/pages\/1986\/revisions\/2086"}],"wp:attachment":[{"href":"https:\/\/machinek.pl\/index.php?rest_route=%2Fwp%2Fv2%2Fmedia&parent=1986"}],"curies":[{"name":"wp","href":"https:\/\/api.w.org\/{rel}","templated":true}]}}