{"id":61,"date":"2020-07-07T11:18:32","date_gmt":"2020-07-07T09:18:32","guid":{"rendered":"http:\/\/machinek.pl\/?page_id=61"},"modified":"2025-09-17T20:37:55","modified_gmt":"2025-09-17T18:37:55","slug":"tatry","status":"publish","type":"page","link":"https:\/\/machinek.pl\/?page_id=61","title":{"rendered":"Tatry"},"content":{"rendered":"<p>Nie potrafi\u0119 powiedzie\u0107, co mnie tak fascynuje w g\u00f3rach, a szczeg\u00f3lnie w Polskich Tatrach. S\u0105 przecie\u017c przeludnione, w por\u00f3wnaniu ze S\u0142owackimi &#8211; ma\u0142e i ciasne, a w por\u00f3wnaniu z Alpami lub innymi europejskimi \u0142a\u0144cuchami g\u00f3r &#8211; ma\u0142o atrakcyjne. A jednak&#8230;. Staram si\u0119 przynajmniej raz w roku wkracza\u0107 w \u015awiat Tatr. I chocia\u017c cz\u0119sto chodz\u0119 po szlakach, kt\u00f3re przemierzy\u0142em ju\u017c wielokrotnie, urzeczenie Tatrami jako\u015b nie mija&#8230;.<\/p>\n<p>Chcia\u0142bym podzieli\u0107 si\u0119 z Tob\u0105 fotograficznymi impresjami ze \u015awiata Tatr &#8211; Polskich, S\u0142owackich i nie tylko &#8230;.. :<\/p>\n<p><a href=\"https:\/\/machinek.pl\/?page_id=1172\">Tatry 2008<\/a><\/p>\n<p><a href=\"https:\/\/machinek.pl\/?page_id=1359\">Tatry 2009<\/a><\/p>\n<p><a href=\"https:\/\/machinek.pl\/?page_id=1377\">Tatry 2010<\/a><\/p>\n<p><a href=\"https:\/\/machinek.pl\/?page_id=1416\">Tatry 2011<\/a><\/p>\n<p><a href=\"https:\/\/machinek.pl\/?page_id=1431\">Tatry 2012<\/a><\/p>\n<p><a href=\"https:\/\/machinek.pl\/?page_id=1447\">Tatry 2014<\/a><\/p>\n<p><a href=\"https:\/\/machinek.pl\/?page_id=1567\">Tatry 2015<\/a><\/p>\n<p><a href=\"https:\/\/machinek.pl\/?page_id=1614\">Tatry 2016<\/a><\/p>\n<p><a href=\"https:\/\/machinek.pl\/?page_id=1540\">Tatry 2017<\/a><\/p>\n<p><a href=\"https:\/\/machinek.pl\/?page_id=1517\">Tatry 2018<\/a><\/p>\n<p><a href=\"https:\/\/machinek.pl\/?page_id=1584\">Alpy Austriackie 2019<\/a><\/p>\n<p><a href=\"https:\/\/machinek.pl\/?page_id=1501\">Tatry 2020<\/a><\/p>\n<p><a href=\"https:\/\/machinek.pl\/?page_id=1485\">Tatry 2021<\/a><\/p>\n<p><a href=\"https:\/\/machinek.pl\/?page_id=1466\">Tatry 2022<\/a><\/p>\n<p><a href=\"https:\/\/machinek.pl\/?page_id=1402\">Tatry 2023<\/a><\/p>\n<p><a href=\"https:\/\/machinek.pl\/?page_id=1886\">Tatry 2024<\/a><\/p>\n<p><a href=\"https:\/\/machinek.pl\/?page_id=1962\">Tatry 2025<\/a><\/p>\n\n\n<p><\/p>\n","protected":false},"excerpt":{"rendered":"<p>Nie potrafi\u0119 powiedzie\u0107, co mnie tak fascynuje w g\u00f3rach, a szczeg\u00f3lnie w Polskich Tatrach. S\u0105 przecie\u017c przeludnione, w por\u00f3wnaniu ze S\u0142owackimi &#8211; ma\u0142e i ciasne, a w por\u00f3wnaniu z Alpami lub innymi europejskimi \u0142a\u0144cuchami g\u00f3r &#8211; ma\u0142o atrakcyjne. A jednak&#8230;. Staram si\u0119 przynajmniej raz w roku wkracza\u0107 w \u015awiat Tatr. I chocia\u017c cz\u0119sto chodz\u0119 po &hellip; <\/p>\n<p class=\"link-more\"><a href=\"https:\/\/machinek.pl\/?page_id=61\" class=\"more-link\">Czytaj dalej<span class=\"screen-reader-text\"> \u201eTatry\u201d<\/span><\/a><\/p>\n","protected":false},"author":2,"featured_media":0,"parent":0,"menu_order":0,"comment_status":"closed","ping_status":"closed","template":"","meta":{"footnotes":""},"class_list":["post-61","page","type-page","status-publish","hentry"],"_links":{"self":[{"href":"https:\/\/machinek.pl\/index.php?rest_route=\/wp\/v2\/pages\/61","targetHints":{"allow":["GET"]}}],"collection":[{"href":"https:\/\/machinek.pl\/index.php?rest_route=\/wp\/v2\/pages"}],"about":[{"href":"https:\/\/machinek.pl\/index.php?rest_route=\/wp\/v2\/types\/page"}],"author":[{"embeddable":true,"href":"https:\/\/machinek.pl\/index.php?rest_route=\/wp\/v2\/users\/2"}],"replies":[{"embeddable":true,"href":"https:\/\/machinek.pl\/index.php?rest_route=%2Fwp%2Fv2%2Fcomments&post=61"}],"version-history":[{"count":29,"href":"https:\/\/machinek.pl\/index.php?rest_route=\/wp\/v2\/pages\/61\/revisions"}],"predecessor-version":[{"id":1964,"href":"https:\/\/machinek.pl\/index.php?rest_route=\/wp\/v2\/pages\/61\/revisions\/1964"}],"wp:attachment":[{"href":"https:\/\/machinek.pl\/index.php?rest_route=%2Fwp%2Fv2%2Fmedia&parent=61"}],"curies":[{"name":"wp","href":"https:\/\/api.w.org\/{rel}","templated":true}]}}